9).
-586
Let i(c) = -11*c + 25. Calculate i(-7).
102
Let h(b) = -1288*b + 20597. Give h(16).
-11
Let k(w) = -4*w**2 - 138*w - 86. Give k(-34).
-18
Let d(c) = -1554*c + 4697. Give d(3).
35
Let l(i) = i**3 - 6*i**2 + 17*i - 44. What is l(4)?
-8
Let q(t) = t - 31. Give q(33).
2
Let v(u) = -u**3 + 16*u**2 + 11*u - 122. Calculate v(16).
54
Let t(b) = 4*b + 215. Determine t(-16).
151
Let l(h) = 226*h - 38720. Calculate l(171).
-74
Let n(f) = f**3 - 23*f**2 - 141*f - 915. Give n(29).
42
Let z(b) = -16*b**2 - 77*b - 13. What is z(-5)?
-28
Let q(t) = 2*t**2 - 155*t + 3006. Determine q(38).
4
Let i(g) = -45*g + 5325. Determine i(117).
60
Let k(p) = -2*p**3 - 30*p**2 + 9*p + 36. What is k(-15)?
-99
Let i(c) = -2*c**2 + 37*c - 162. What is i(10)?
8
Let c(q) = q - 39. Determine c(51).
12
Let n(b) = -51*b**2 + 92*b - 38. Calculate n(2).
-58
Let x(s) = -7*s**2 - 38*s - 80. Calculate x(-2).
-32
Let x(y) = y**3 - 144*y**2 + 376*y - 13058. Calculate x(142).
6
Let d(t) = t**2 - 107*t + 2595. Determine d(40).
-85
Let c(k) = k**3 + 6*k**2 - 47*k + 55. Calculate c(2).
-7
Let f(j) = -30*j**2 - 612*j + 613. Calculate f(1).
-29
Let o(j) = j**3 - 11*j**2 - 4*j - 81. Calculate o(12).
15
Let j(g) = -g**3 - 18*g**2 + 79*g + 1876. What is j(-14)?
-14
Let a(j) = 3*j**2 + 25*j - 52. What is a(2)?
10
Let m(g) = g**2 - 85*g + 1533. Give m(26).
-1
Let m(j) = 41*j + 2907. Calculate m(-71).
-4
Let q(v) = 12*v - 639. What is q(53)?
-3
Let o(j) = 31*j + 186. Determine o(-4).
62
Let l(s) = -229*s - 702. Determine l(-3).
-15
Let k(y) = 3*y**2 + 60*y + 219. Determine k(-15).
-6
Let b(q) = q**3 + 71*q**2 - 298*q + 173. Give b(-75).
23
Let a(q) = -q**2 + 179*q - 6125. What is a(133)?
-7
Let p(k) = -18*k**2 + 43*k - 29. Determine p(2).
-15
Let q(y) = -y**2 + 175*y - 5294. Determine q(39).
10
Let k(m) = 297*m + 6536. Give k(-22).
2
Let q(i) = -i**2 + 67*i - 496. Calculate q(58).
26
Let t(b) = -b**3 + 20*b**2 + 103*b + 10. What is t(24)?
178
Let o(b) = -2*b**3 - 9*b**2 + 111*b - 88. What is o(5)?
-8
Let v(h) = -34*h - 3230. What is v(-95)?
0
Let b(v) = v**2 + 15*v - 4232. Determine b(58).
2
Let b(n) = 2*n**3 - 15*n**2 + 16*n - 15. Give b(9).
372
Let u(m) = -122*m + 157. What is u(0)?
157
Let u(m) = -m**2 - 40*m + 254. What is u(-45)?
29
Let t(z) = 211*z - 1471. Calculate t(7).
6
Let v(k) = 182*k + 107. Determine v(-1).
-75
Let v(g) = 11*g + 260. Calculate v(-27).
-37
Let d(j) = -44*j + 408. Determine d(10).
-32
Let a(q) = -888*q + 15972. What is a(18)?
-12
Let o(f) = -14*f**3 - 55*f**2 + 13*f + 33. Give o(-4).
-3
Let f(i) = i**2 + 14*i - 110. Determine f(-27).
241
Let w(h) = 2*h**3 - 63*h**2 + 30*h - 1. What is w(31)?
-32
Let y(w) = w**3 - 27*w**2 + 84*w - 330. What is y(24)?
-42
Let r(f) = -3*f**3 - 210*f**2 - 207*f + 21. Determine r(-69).
21
Let t(l) = 2*l**2 + 20*l + 67. What is t(-9)?
49
Let u(x) = -5057*x + 15197. Give u(3).
26
Let d(b) = -77*b**2 + 2002*b + 4. Determine d(26).
4
Let z(p) = -4*p**3 - 21*p**2 - 20*p - 73. What is z(-6)?
155
Let j(x) = -11*x + 241. Calculate j(22).
-1
Let d(o) = -3*o**2 - 9*o - 53. What is d(-12)?
-377
Let y(v) = v**2 - 64*v - 102. Give y(71).
395
Let h(a) = -2*a**2 - 35*a + 290. Give h(7).
-53
Let l(g) = -10*g**3 - 13*g**2 + 22*g + 44. Determine l(-3).
131
Let g(a) = -15*a + 1044. What is g(70)?
-6
Let b(j) = -4041*j + 8079. Give b(2).
-3
Let d(m) = -m**2 + 45*m - 309. What is d(7)?
-43
Let b(m) = -m**3 + 197*m**2 - 971*m + 2112. Give b(192).
0
Let p(f) = -40*f - 27. Determine p(-1).
13
Let g(q) = -226*q - 17. Calculate g(-1).
209
Let n(l) = -24*l**2 - 270*l + 8. Calculate n(-12).
-208
Let p(a) = -661*a - 74027. Calculate p(-112).
5
Let l(o) = 6*o + 53. What is l(-21)?
-73
Let a(l) = 79049*l + 395237. Calculate a(-5).
-8
Let k(g) = -g**3 - 5*g**2 - 3*g - 3. Calculate k(0).
-3
Let h(c) = 791*c**2 + 16612*c - 21. Calculate h(-21).
-42
Let a(y) = 12*y + 98. What is a(-10)?
-22
Let i(g) = -6*g**3 - 2*g**2 + 3*g + 16. What is i(3)?
-155
Let p(s) = 2*s**3 - 26*s**2 + 65*s + 39. Give p(9).
-24
Let v(w) = -27*w - 149. Give v(-6).
13
Let w(k) = 13*k**2 + 17*k + 2. Give w(3).
170
Let t(w) = -w**2 + 46*w - 84. What is t(2)?
4
Let u(r) = -9*r**3 + 97*r**2 + 12*r + 133. Give u(11).
23
Let d(c) = -48*c - 94. Determine d(5).
-334
Let h(j) = -26*j - 45. Calculate h(-5).
85
Let o(u) = u**3 - 9*u**2 + 15*u + 2. Calculate o(8).
58
Let l(u) = u**2 + 141*u + 545. Determine l(-4).
-3
Let y(q) = q**3 - 3*q**2 - 197*q + 604. What is y(3)?
13
Let i(p) = 1551*p + 3117. Calculate i(-2).
15
Let i(c) = 3*c**3 + 2*c**2 + 6*c + 19. What is i(-4)?
-165
Let j(y) = -y**3 + 7*y**2 + 28*y - 58. Determine j(9).
32
Let t(v) = -v**3 - 4*v**2 + 20*v + 63. Give t(-5).
-12
Let v(q) = -q**3 - 10*q**2 + q - 16. Give v(-10).
-26
Let l(j) = 240*j**2 + 112*j - 111. Determine l(1).
241
Let q(o) = -84*o**2 - 83*o + 164. What is q(2)?
-338
Let f(l) = -l**3 - 47*l**2 + 99*l + 55. Calculate f(-49).
6
Let o(q) = 84*q + 8730. Give o(-104).
-6
Let s(r) = -3*r**3 + 15*r**2 + 14*r - 73. Determine s(5).
-3
Let c(x) = -174*x**2 + 183*x - 4. Calculate c(1).
5
Let l(r) = -r**2 + 44*r + 48. Give l(46).
-44
Let o(u) = -u**2 - 194*u - 7630. Calculate o(-139).
15
Let n(x) = x**3 - 9*x**2 + 17*x + 9. What is n(8)?
81
Let k(c) = c**2 - 754*c - 3803. Determine k(-5).
-8
Let a(i) = -i**2 - 36*i + 711. Calculate a(-51).
-54
Let z(b) = 4*b**2 - 16*b + 55. Determine z(6).
103
Let d(m) = -2*m**3 + 23*m**2 - 20*m + 25. Give d(11).
-74
Let a(m) = -1125*m + 5625. Give a(5).
0
Let i(j) = 57*j - 845. Calculate i(15).
10
Let p(k) = k**3 + 72*k**2 + 393*k - 293. Determine p(-66).
-95
Let t(c) = 3*c**2 - 48*c - 542. What is t(-7)?
-59
Let l(i) = -i**2 - 22*i + 66. Give l(-12).
186
Let j(p) = -4*p - 81. Give j(-29).
35
Let m(l) = -27*l**2 + 568*l - 15. Calculate m(21).
6
Let d(q) = 3*q**3 + 10*q**2 + 2*q - 6. Determine d(-1).
-1
Let p(k) = -236*k - 2751. Give p(-10).
-391
Let a(m) = 364*m - 10928. What is a(30)?
-8
Let s(p) = 396*p + 1182. Give s(-3).
-6
Let u(r) = -r**3 + 19*r**2 + 35*r - 651. Calculate u(19).
14
Let y(x) = 8*x**2 - 11*x + 2. Calculate y(1).
-1
Let a(o) = -3*o**3 + 5*o**2 + 4*o. Calculate a(-1).
4
Let r(p) = -p**3 - 4*p - 10. Give r(-6).
230
Let s(t) = -7*t**2 - 367*t - 437. Calculate s(-51).
73
Let r(o) = o**3 - 14*o**2 - 7*o + 33. Determine r(13).
-227
Let f(s) = -3*s**2 - 80*s + 706. Give f(8).
-126
Let h(u) = u**3 - 6*u**2 + 29*u - 174. What is h(6)?
0
Let y(s) = -21*s**3 - s**2 + 1. Calculate y(-1).
21
Let u(t) = t**3 - 10*t**2 - 19*t + 236. What is u(9)?
-16
Let y(g) = -g**2 + 35*g - 155. Give y(32).
-59
Let v(m) = m**3 + 23*m**2 - 123*m + 463. Give v(-28).
-13
Let c(v) = -v**3 + 3*v**2 + 6*v - 5. What is c(4)?
3
Let r(s) = -s**3 + 17*s**2 + 396*s - 2130. What is r(-16)?
-18
Let v(s) = -7*s**3 + 119*s**2 + 4*s - 20. What is v(17)?
48
Let k(q) = -2*q**3 - 29*q**2 - 20*q - 38. What is k(-14)?
46
Let n(o) = 888*o + 55068. Give n(-62).
12
Let o(b) = -117*b - 9563. Determine o(-82).
31
Let x(o) = 4*o**2 + 533*o + 663. What is x(-132)?
3
Let h(p) = p**3 + 13*p**2 - 50*p - 35. What is h(-16)?
-3
Let a(w) = -5*w**3 + 72*w**2 - 366*w - 7. Give a(5).
-662
Let m(p) = -5*p**2 - 491*p - 1982. What is m(-94)?
-8
Let s(h) = -14*h + 506. Determine s(36).
2
Let b(k) = -2*k**2 + 193*k + 1162. Determine b(102).
40
Let s(d) = -d**2 + 12*d - 51. Give s(7).
-16
Let b(q) = 59*q + 38. Determine b(-2).
-80
Let s(u) = -u**3 + 7*u**2 - 619*u + 5016. Determine s(8).
0
Let z(x) = 2*x**3 + 13*x**2 - 193*x + 87. What is z(-14)?
-151
Let l(s) = 3*s**3 + 14*s**2 + 39*s + 68. Determine l(-3).
-4
Let c(l) = 3*l + 67. Determine c(17).
118
Let l(p) = -11*p**3 - 26*p**2 - 2*p - 2. Determine l(-3).
67
Let k(s) = s**3 - 22*s**2 + 21*s + 59. Calculate k(21).
59
Let a(c) = -15*c - 750. Determine a(-51).
15
Let o(v) = -5*v**2 + 39*v + 11. What is o(5)?
81
Let r(m) = -4*m**2 - 7*m + 304. Calculate r(-10).
-26
Let g(n) = 174*n - 2482. Give g(14).
-46
Let k(o) = o**3 - 12*o**2 + 27*o + 3. Determine k(3).
3
Let w(c) = 250*c - 1770. Determine w(7).
-20
Let q(z) = 50*z**2 - 110*z + 18. Determine q(2).
-2
Let i(p) = p**3 - 10*p**2 - 11*p - 7. Calculate i(-3).
-91
Let k(a) = -811*a - 1618. What is k(-2)?
4
Let u(f) = f**2 + 76*f + 1155. What is u(-56)?
35
Let c(a) = -223*a + 13830. Give c(62).
4
Let a(m) = -10*m**2 - 92*m - 89. Give a(-1).
-7
Let r(k) = 